 is -11 (base 9) in base 13?
-a
Convert -225 (base 7) to base 16.
-75
Convert -b1 (base 14) to base 4.
-2123
Convert 34 (base 10) to base 3.
1021
Convert -100 (base 2) to base 16.
-4
Convert -1000001 (base 2) to base 14.
-49
Convert -1 (base 4) to base 7.
-1
-11001 (base 2) to base 16
-19
Convert 251 (base 6) to base 10.
103
What is -3 (base 11) in base 4?
-3
Convert 23 (base 4) to base 13.
b
What is 2 (base 10) in base 14?
2
What is -214 (base 9) in base 3?
-20111
1110 (base 3) to base 5
124
Convert -6 (base 9) to base 3.
-20
Convert 22 (base 5) to base 6.
20
-120 (base 4) to base 15
-19
What is -177 (base 8) in base 7?
-241
What is -48 (base 9) in base 11?
-40
22 (base 15) to base 12
28
21 (base 7) to base 4
33
102 (base 4) to base 16
12
Convert -15 (base 16) to base 4.
-111
Convert -10 (base 7) to base 16.
-7
Convert 2 (base 12) to base 16.
2
What is 328 (base 10) in base 6?
1304
What is -1101110 (base 2) in base 9?
-132
What is -1 (base 9) in base 5?
-1
What is 110 (base 11) in base 6?
340
What is -13 (base 8) in base 5?
-21
What is -4 (base 7) in base 12?
-4
What is 106 (base 7) in base 14?
3d
Convert -1 (base 5) to base 12.
-1
Convert 12 (base 8) to base 16.
a
-a (base 12) to base 11
-a
-2 (base 12) to base 5
-2
-1c (base 13) to base 11
-23
200 (base 3) to base 15
13
2 (base 13) to base 5
2
5 (base 14) to base 10
5
What is 1 (base 4) in base 2?
1
-1 (base 16) to base 15
-1
-13 (base 5) to base 12
-8
Convert 6 (base 12) to base 2.
110
Convert 6 (base 15) to base 4.
12
Convert 17 (base 16) to base 6.
35
Convert 6 (base 15) to base 9.
6
-1 (base 11) to base 13
-1
What is -10 (base 6) in base 2?
-110
What is -11221 (base 3) in base 11?
-111
Convert -12 (base 4) to base 7.
-6
What is -17 (base 12) in base 10?
-19
What is 33 (base 4) in base 16?
f
Convert 3 (base 12) to base 14.
3
-18 (base 14) to base 16
-16
What is -1 (base 16) in base 2?
-1
What is -10 (base 8) in base 15?
-8
Convert -25 (base 8) to base 2.
-10101
Convert -4 (base 9) to base 14.
-4
Convert -2 (base 13) to base 3.
-2
Convert 3 (base 11) to base 14.
3
What is -6 (base 8) in base 7?
-6
11 (base 14) to base 8
17
What is -102 (base 7) in base 6?
-123
What is 101 (base 2) in base 12?
5
Convert -21 (base 3) to base 7.
-10
-43 (base 5) to base 6
-35
14 (base 14) to base 12
16
What is -3 (base 15) in base 16?
-3
Convert 64 (base 9) to base 11.
53
Convert 42 (base 12) to base 4.
302
10 (base 8) to base 16
8
What is 45 (base 10) in base 5?
140
27 (base 9) to base 3
221
-4 (base 14) to base 3
-11
1 (base 2) to base 10
1
110001 (base 2) to base 7
100
-5 (base 16) to base 5
-10
-41 (base 5) to base 2
-10101
What is 8a (base 14) in base 3?
11112
Convert 1 (base 10) to base 9.
1
Convert -101000 (base 2) to base 10.
-40
What is -10 (base 4) in base 9?
-4
Convert -27 (base 9) to base 5.
-100
Convert 11 (base 2) to base 5.
3
0 (base 10) to base 2
0
Convert -12 (base 4) to base 6.
-10
Convert 0 (base 14) to base 13.
0
-9 (base 15) to base 2
-1001
What is 4 (base 6) in base 3?
11
Convert d0 (base 16) to base 9.
251
What is 1 (base 8) in base 13?
1
2 (base 4) to base 6
2
-4 (base 10) to base 6
-4
What is -3 (base 14) in base 7?
-3
1 (base 11) to base 10
1
What is -33 (base 5) in base 14?
-14
What is -13 (base 4) in base 13?
-7
What is -22 (base 4) in base 13?
-a
Convert -10000 (base 2) to base 15.
-11
-7c (base 13) to base 4
-1213
1 (base 9) to base 8
1
Convert -1 (base 10) to base 15.
-1
What is 2 (base 12) in base 2?
10
What is -3 (base 10) in base 12?
-3
-7 (base 10) to base 15
-7
-2 (base 15) to base 9
-2
Convert 22 (base 8) to base 11.
17
What is -11010 (base 2) in base 7?
-35
-5 (base 6) to base 2
-101
What is 115 (base 11) in base 12?
b5
a (base 12) to base 7
13
Convert 14 (base 9) to base 2.
1101
11 (base 5) to base 10
6
11 (base 2) to base 11
3
Convert 3 (base 8) to base 13.
3
-8d (base 15) to base 7
-250
Convert 33 (base 4) to base 14.
11
-34 (base 5) to base 3
-201
What is 1114 (base 6) in base 9?
321
-50 (base 16) to base 10
-80
Convert -1 (base 13) to base 3.
-1
What is -51 (base 6) in base 4?
-133
Convert -241 (base 5) to base 10.
-71
-1033 (base 4) to base 13
-61
41 (base 9) to base 15
27
What is 13 (base 7) in base 8?
12
Convert 10 (base 3) to base 9.
3
Convert 11000000 (base 2) to base 16.
c0
Convert -13 (base 13) to base 16.
-10
What is -11 (base 5) in base 16?
-6
Convert -3 (base 16) to base 6.
-3
Convert -241 (base 8) to base 2.
-10100001
Convert 312 (base 4) to base 2.
110110
-3 (base 11) to base 14
-3
-4 (base 13) to base 16
-4
What is 89 (base 12) in base 14?
77
b (base 12) to base 11
10
Convert -26 (base 16) to base 3.
-1102
What is 1e (base 15) in base 3?
1002
-10 (base 16) to base 7
-22
Convert 45 (base 15) to base 11.
5a
What is -3 (base 9) in base 13?
-3
-14 (base 8) to base 7
-15
-28 (base 14) to base 11
-33
5 (base 11) to base 15
5
What is 12 (base 3) in base 10?
5
What is 10 (base 5) in base 10?
5
What is -140 (base 9) in base 7?
-225
Convert ba (base 16) to base 6.
510
6 (base 13) to base 15
6
What is -3 (base 16) in base 8?
-3
db (base 16) to base 15
e9
-2 (base 9) to base 14
-2
What is -263 (base 7) in base 8?
-217
What is 2c (base 15) in base 13?
33
Convert -10 (base 3) to base 8.
-3
What is 5c (base 13) in base 10?
77
-95 (base 14) to base 5
-1011
What is -111 (base 2) in base 16?
-7
-100 (base 2) to base 9
-4
Convert 55 (base 6) to base 5.
120
3 (base 5) to base 13
3
-65 (base 10) to base 7
-122
79 (base 16) to base 10
121
Convert 23 (base 4) to base 14.
b
Convert 21 (base 7) to base 16.
f
What is -1302 (base 4) in base 6?
-310
What is b (base 16) in base 5?
21
Convert -140 (base 7) to base 3.
-2212
Convert -35 (base 11) to base 3.
-1102
Convert -27 (base 8) to base 5.
-43
-30 (base 5) to base 7
-21
211 (base 13) to base 7
1012
Convert -4 (base 7) to base 3.
-11
Convert 220 (base 3) to base 13.
1b
20 (base 4) to base 16
8
1 (base 5) to base 15
1
Convert -4 (base 8) to base 2.
-100
What is 33 (base 9) in base 13?
24
10110 (base 2) to base 7
31
What is -25 (base 10) in base 12?
-21
77 (base 15) to base 6
304
Convert -7 (base 12) to base 9.
-7
Convert 3033 (base 5) to base 12.
289
-22a (base 11) to base 15
-134
Convert 2 (base 9) to base 8.
2
5 (base 15) to base 10
5
-28 (base 11) to base 10
-30
What is 4 (base 12) in base 14?
4
Convert -250 (base 8) to base 5.
-1133
-11 (base 4) to base 15
-5
-20 (base 5) to base 3
-101
Convert 1 (base 7) to base 14.
1
Convert -aa (base 16) to base 5.
-1140
Convert 11 (base 14) to base 12.
13
Convert -14 (base 11) to base 4.
-33
32 (base 5) to base 11
16
Convert 24 (base 11) to base 13.
20
What is -7 (base 16) in base 3?
-21
What is 3 (base 15) in base 16?
3
Convert -1 (base 7) to base 4.
-1
Convert -4 (base 14) to base 4.
-10
Convert -4 (base 11) to base 6.
-4
What is -114 (base 6) in base 7?
-64
Convert -5 (base 15) to base 11.
-5
What is 8 (base 11) in base 5?
13
What is -31 (base 7) in base 10?
-22
What is -10 (base 12) in base 9?
-13
What is -1030 (base 5) in base 8?
-214
Convert -3 (base 5) to base 6.
-3
What is -11100000 (base 2) in base 14?
-120
1111 (base 2) to base 8
17
20 (base 3) to base 2
110
What is -113 (base 10) in base 12?
-95
d4 (base 16) to base 10
212
What is 6 (base 7) in base 3?
20
What is 60 (base 10) in base 5?
220
Convert 1 (base 9) to base 8.
1
Convert 2 (base 15) to base 2.
10
100 (base 2) to base 6
4
4 (base 5) to base 9
4
What is -9 (base 11) in base 4?
-21
Convert 22 (base 11) to base 6.
40
Convert 5 (base 12) to base 11.
5
-155 (base 7) to base 11
-81
What is -ea (base 15) in base 12?
-164
What is 0 (base 16) in base 7?
0
Convert -33 (base 4) to base 3.
-120
What is -42 (base 16) in base 5?
-231
Convert 1 (base 13) to base 10.
1
-143 (base 12) to base 15
-d0
Convert 20212 (base 3) to base 8.
271
0 (base 14) to base 4
0
Convert -2 (base 8) to base 7.
-2
Convert 21 (base 14) to base 16.
1d
161 (base 8) to base 14
81
What is 63 (base 16) in base 6?
243
Convert 55 (base 14) to base 13.
5a
What is -3 (base 12) in base 4?
-3
-10001 (base 2) to base 11
-16
What is -1001111 (base 2) in base 6?
-211
What is 10 (base 3) in base 11?
3
Convert -3 (base 15) to base 10.
-3
What is -2a (base 12) in base 3?
-1021
Convert -7 (base 8) to base 4.
-13
What is 3 (base 6) in base 15?
3
What is -3 (base 8) in base 